{"id":7562,"date":"2024-02-25T13:16:35","date_gmt":"2024-02-25T19:16:35","guid":{"rendered":"https:\/\/resoult.com\/?page_id=7562"},"modified":"2024-02-25T13:45:36","modified_gmt":"2024-02-25T19:45:36","slug":"home","status":"publish","type":"page","link":"https:\/\/resoult.com\/","title":{"rendered":"Principal"},"content":{"rendered":"<div class=\"wpb-content-wrapper\">[vc_row row_type=&#8221;section&#8221; type=&#8221;grid&#8221; anchor=&#8221;quehacemos&#8221; text_align=&#8221;left&#8221; video=&#8221;&#8221;][vc_column][vc_custom_heading text=&#8221;Resoult ofrece entrenamiento focalizado en las personas de tu compa\u00f1\u00eda para alcanzar las metas, creando satisfacci\u00f3n profesional y una cultura organizacional diferente.&#8221; google_fonts=&#8221;font_family:Montserrat%3Aregular%2C700|font_style:400%20regular%3A400%3Anormal&#8221;][\/vc_column][\/vc_row][vc_row row_type=&#8221;section&#8221; type=&#8221;full_width&#8221; text_align=&#8221;left&#8221; video=&#8221;&#8221; css=&#8221;.vc_custom_1555855612505{margin-top: 15px !important;}&#8221;][vc_column][vc_custom_heading text=&#8221;TE ENTRENAMOS PARA:&#8221; font_container=&#8221;tag:h2|text_align:center|color:%2309b453&#8243; google_fonts=&#8221;font_family:Montserrat%3Aregular%2C700|font_style:400%20regular%3A400%3Anormal&#8221;][\/vc_column][\/vc_row][vc_row row_type=&#8221;section&#8221; type=&#8221;grid&#8221; text_align=&#8221;left&#8221; video=&#8221;&#8221; background_color=&#8221;#ffffff&#8221; padding_top=&#8221;100&#8243; padding_bottom=&#8221;87&#8243; css=&#8221;.vc_custom_1555808249421{margin-top: -20px !important;}&#8221;][vc_column width=&#8221;1\/4&#8243;][vc_single_image image=&#8221;7498&#8243; alignment=&#8221;center&#8221; css_animation=&#8221;fadeIn&#8221;][vc_custom_heading text=&#8221;FUERZA DE VENTAS&#8221; font_container=&#8221;tag:h4|text_align:center|color:%233bcc98&#8243; google_fonts=&#8221;font_family:Montserrat%3Aregular%2C700|font_style:400%20regular%3A400%3Anormal&#8221;][vc_separator type=&#8221;transparent&#8221; thickness=&#8221;5px&#8221;][vc_column_text]<span class=\"s2\"><div class='q_list circle circle_number'><\/span><\/p>\n<ul>\n<li><span class=\"s2\">V<\/span><span class=\"s2\">entas BtoB<\/span><\/li>\n<li><span class=\"s2\">Ventas BtoC<\/span><\/li>\n<li><span class=\"s2\">Venta digital<\/span><\/li>\n<li><span class=\"s2\">Call center<\/span><\/li>\n<\/ul>\n<p><span class=\"s2\"><\/div><\/span>[\/vc_column_text][\/vc_column][vc_column width=&#8221;1\/4&#8243;][vc_single_image image=&#8221;7497&#8243; alignment=&#8221;center&#8221; css_animation=&#8221;fadeIn&#8221;][vc_custom_heading text=&#8221;SERVICIO AL CLIENTE&#8221; font_container=&#8221;tag:h4|text_align:center|color:%233bcc98&#8243; google_fonts=&#8221;font_family:Montserrat%3Aregular%2C700|font_style:400%20regular%3A400%3Anormal&#8221;][vc_separator type=&#8221;transparent&#8221; thickness=&#8221;5px&#8221;][vc_column_text]<span class=\"s2\"><div class='q_list circle circle_number'><\/span><\/p>\n<ul>\n<li><span class=\"s2\">Desarrollo de aptitudes profesionales<\/span><\/li>\n<li><span class=\"s1\">E<\/span><span class=\"s2\">scucha efectiva<\/span><\/li>\n<li><span class=\"s2\">Soluci\u00f3n de conflictos<\/span><\/li>\n<\/ul>\n<p><span class=\"s2\"><\/div><\/span><\/p>\n[\/vc_column_text][\/vc_column][vc_column width=&#8221;1\/4&#8243;][vc_single_image image=&#8221;7495&#8243; alignment=&#8221;center&#8221; css_animation=&#8221;fadeIn&#8221;][vc_custom_heading text=&#8221;DESARROLLO PROFESIONAL&#8221; font_container=&#8221;tag:h4|text_align:center|color:%233bcc98&#8243; google_fonts=&#8221;font_family:Montserrat%3Aregular%2C700|font_style:400%20regular%3A400%3Anormal&#8221;][vc_separator type=&#8221;transparent&#8221; thickness=&#8221;5px&#8221;][vc_column_text]<span class=\"s2\"><span class=\"s2\"><div class='q_list circle circle_number'><\/span><\/span><\/p>\n<ul>\n<li><span class=\"s2\">Construcci\u00f3n de equipos<\/span><\/li>\n<li><span class=\"s2\">Establecimiento de metas<\/span><\/li>\n<\/ul>\n<p><span class=\"s2\"><\/div><\/span>[\/vc_column_text][\/vc_column][vc_column width=&#8221;1\/4&#8243;][vc_single_image image=&#8221;7496&#8243; alignment=&#8221;center&#8221; css_animation=&#8221;fadeIn&#8221;][vc_custom_heading text=&#8221;PSICOLOG\u00cdA EN VENTAS&#8221; font_container=&#8221;tag:h4|text_align:center|color:%233bcc98&#8243; google_fonts=&#8221;font_family:Montserrat%3Aregular%2C700|font_style:400%20regular%3A400%3Anormal&#8221;][vc_separator type=&#8221;transparent&#8221; thickness=&#8221;5px&#8221;][vc_column_text]<span class=\"s2\"><div class='q_list circle circle_number'><\/span><\/p>\n<ul>\n<li><span class=\"s2\">Psicolog\u00eda en ventas<\/span><\/li>\n<li><span class=\"s2\">Psicolog\u00eda del \u00e9xito<\/span><\/li>\n<\/ul>\n<p><span class=\"s2\"><\/div><\/span>[\/vc_column_text][\/vc_column][\/vc_row][vc_row row_type=&#8221;section&#8221; type=&#8221;full_width&#8221; anchor=&#8221;metodo&#8221; text_align=&#8221;left&#8221; video=&#8221;&#8221; background_color=&#8221;#ffffff&#8221;][vc_column][vc_custom_heading text=&#8221;MODELO RESOULT&#8221; font_container=&#8221;tag:h2|text_align:center|color:%2309b453&#8243; google_fonts=&#8221;font_family:Montserrat%3Aregular%2C700|font_style:400%20regular%3A400%3Anormal&#8221;][vc_single_image image=&#8221;7505&#8243; img_size=&#8221;full&#8221; alignment=&#8221;center&#8221;][\/vc_column][\/vc_row][vc_row row_type=&#8221;section&#8221; type=&#8221;grid&#8221; text_align=&#8221;left&#8221; video=&#8221;&#8221; padding_top=&#8221;0&#8243; padding_bottom=&#8221;100&#8243;][vc_column][vc_row_inner row_type=&#8221;row&#8221; text_align=&#8221;center&#8221; css_animation=&#8221;&#8221;][vc_column_inner]<span class=\"fa-stack q_font_awsome_icon_stack fa-5x  q_icon_animation\" style=\"font-size: 90px; transition-delay: 300ms; -webkit-transition-delay: 300ms; -moz-transition-delay: 300ms; -o-transition-delay: 300ms;\"><i class=\"fa fa-circle fa-stack-base fa-stack-2x\" style=\"color: #f5f5f5;\"><\/i><i class=\"fa fa-quote-left fa-stack-1x\" style=\"font-size: 90px;color: #ffffff;\"><\/i><\/span>[\/vc_column_inner][\/vc_row_inner]<span class=\"custom_font_holder\" style=\"font-family: Open Sans; font-size: 19px; line-height: 26px; font-style: normal; font-weight: 300; text-decoration: none; text-align: center;\">No importa qui\u00e9n eres o a qu\u00e9 te dediques, siempre vendes algo.<\/span>[vc_separator type=&#8221;transparent&#8221; up=&#8221;6&#8243; down=&#8221;6&#8243;]<span class=\"custom_font_holder\" style=\"font-family: Open Sans; font-size: 19px; line-height: 26px; font-style: normal; font-weight: 300; text-decoration: none; margin: 5; text-align: center;\"><span class=\"q_toolbar_color\" style=\"color: #09b453;\">\u2015\u00a0GRANT CARDONE<\/span><\/span>[\/vc_column][\/vc_row][vc_row row_type=&#8221;section&#8221; type=&#8221;full_width&#8221; anchor=&#8221;servicios&#8221; text_align=&#8221;left&#8221; video=&#8221;&#8221; background_color=&#8221;#ffffff&#8221;][vc_column][vc_custom_heading text=&#8221;TE ENTRENAMOS PARA:&#8221; font_container=&#8221;tag:h2|text_align:center|color:%2309b453&#8243; google_fonts=&#8221;font_family:Montserrat%3Aregular%2C700|font_style:400%20regular%3A400%3Anormal&#8221;][vc_single_image image=&#8221;7510&#8243; img_size=&#8221;full&#8221; alignment=&#8221;center&#8221;][\/vc_column][\/vc_row][vc_row row_type=&#8221;section&#8221; type=&#8221;full_width&#8221; anchor=&#8221;clientes&#8221; text_align=&#8221;left&#8221; video=&#8221;&#8221; background_color=&#8221;#ffffff&#8221;][vc_column][vc_row_inner row_type=&#8221;row&#8221; text_align=&#8221;left&#8221; css_animation=&#8221;&#8221;][vc_column_inner][vc_custom_heading text=&#8221;ELLOS CREYERON&#8221; font_container=&#8221;tag:h2|text_align:center|color:%2309b453&#8243; google_fonts=&#8221;font_family:Montserrat%3Aregular%2C700|font_style:400%20regular%3A400%3Anormal&#8221;][\/vc_column_inner][\/vc_row_inner][vc_row_inner row_type=&#8221;section&#8221; type=&#8221;full_width&#8221; text_align=&#8221;center&#8221;][vc_column_inner width=&#8221;1\/3&#8243;][vc_single_image image=&#8221;7474&#8243; alignment=&#8221;center&#8221;][vc_single_image image=&#8221;7477&#8243; alignment=&#8221;center&#8221;][vc_single_image image=&#8221;7480&#8243; alignment=&#8221;center&#8221;][\/vc_column_inner][vc_column_inner width=&#8221;1\/3&#8243;][vc_single_image image=&#8221;7475&#8243; alignment=&#8221;center&#8221;][vc_single_image image=&#8221;7478&#8243; alignment=&#8221;center&#8221;][vc_single_image image=&#8221;7481&#8243; alignment=&#8221;center&#8221;][\/vc_column_inner][vc_column_inner width=&#8221;1\/3&#8243;][vc_single_image image=&#8221;7476&#8243; alignment=&#8221;center&#8221;][vc_single_image image=&#8221;7482&#8243; alignment=&#8221;center&#8221;][\/vc_column_inner][\/vc_row_inner][\/vc_column][\/vc_row][vc_row row_type=&#8221;section&#8221; type=&#8221;grid&#8221; anchor=&#8221;contacto&#8221; text_align=&#8221;left&#8221; video=&#8221;&#8221; background_color=&#8221;#ffffff&#8221;][vc_column][vc_row_inner row_type=&#8221;row&#8221; text_align=&#8221;left&#8221; css_animation=&#8221;&#8221;][vc_column_inner width=&#8221;1\/2&#8243;][vc_custom_heading text=&#8221;ELLOS CREYERON&#8221; font_container=&#8221;tag:h2|text_align:center|color:%2309b453&#8243; google_fonts=&#8221;font_family:Montserrat%3Aregular%2C700|font_style:400%20regular%3A400%3Anormal&#8221;][\/vc_column_inner][vc_column_inner width=&#8221;1\/2&#8243;]<div class=\"wpforms-container wpforms-container-full\" id=\"wpforms-7553\"><form id=\"wpforms-form-7553\" class=\"wpforms-validate wpforms-form\" data-formid=\"7553\" method=\"post\" enctype=\"multipart\/form-data\" action=\"\/index.php?rest_route=%2Fwp%2Fv2%2Fpages%2F7562\" data-token=\"2c91dc1a52229f6bbc4161e95f38b144\" data-token-time=\"1776403756\"><noscript class=\"wpforms-error-noscript\">Por favor, activa JavaScript en tu navegador para completar este formulario.<\/noscript><div class=\"wpforms-field-container\"><div id=\"wpforms-7553-field_0-container\" class=\"wpforms-field wpforms-field-name\" data-field-id=\"0\"><label class=\"wpforms-field-label\" for=\"wpforms-7553-field_0\">Nombre <span class=\"wpforms-required-label\">*<\/span><\/label><input type=\"text\" id=\"wpforms-7553-field_0\" class=\"wpforms-field-medium wpforms-field-required\" name=\"wpforms[fields][0]\" required><\/div><div id=\"wpforms-7553-field_1-container\" class=\"wpforms-field wpforms-field-email\" data-field-id=\"1\"><label class=\"wpforms-field-label\" for=\"wpforms-7553-field_1\">Correo <span class=\"wpforms-required-label\">*<\/span><\/label><input type=\"email\" id=\"wpforms-7553-field_1\" class=\"wpforms-field-medium wpforms-field-required\" name=\"wpforms[fields][1]\" spellcheck=\"false\" required><\/div><div id=\"wpforms-7553-field_2-container\" class=\"wpforms-field wpforms-field-textarea\" data-field-id=\"2\"><label class=\"wpforms-field-label\" for=\"wpforms-7553-field_2\">Comentario o mensaje <span class=\"wpforms-required-label\">*<\/span><\/label><textarea id=\"wpforms-7553-field_2\" class=\"wpforms-field-medium wpforms-field-required\" name=\"wpforms[fields][2]\" required><\/textarea><\/div><\/div><!-- .wpforms-field-container --><div class=\"wpforms-field wpforms-field-hp\"><label for=\"wpforms-7553-field-hp\" class=\"wpforms-field-label\">Phone<\/label><input type=\"text\" name=\"wpforms[hp]\" id=\"wpforms-7553-field-hp\" class=\"wpforms-field-medium\"><\/div><div class=\"wpforms-recaptcha-container wpforms-is-recaptcha wpforms-is-recaptcha-type-invisible\" ><div class=\"g-recaptcha\" data-sitekey=\"6Le8BjElAAAAAKaIAIZBt68GJjU6zMEbJ5Mv8ZnG\" data-size=\"invisible\"><\/div><\/div><div class=\"wpforms-submit-container\" ><input type=\"hidden\" name=\"wpforms[id]\" value=\"7553\"><input type=\"hidden\" name=\"page_title\" value=\"\"><input type=\"hidden\" name=\"page_url\" value=\"https:\/\/resoult.com\/index.php?rest_route=\/wp\/v2\/pages\/7562\"><input type=\"hidden\" name=\"url_referer\" value=\"\"><button type=\"submit\" name=\"wpforms[submit]\" id=\"wpforms-submit-7553\" class=\"wpforms-submit\" data-alt-text=\"Enviando...\" data-submit-text=\"Enviar\" aria-live=\"assertive\" value=\"wpforms-submit\">Enviar<\/button><\/div><\/form><\/div>  <!-- .wpforms-container -->[\/vc_column_inner][\/vc_row_inner][\/vc_column][\/vc_row]\n<\/div>","protected":false},"excerpt":{"rendered":"<p>[vc_row row_type=&#8221;section&#8221; type=&#8221;grid&#8221; anchor=&#8221;quehacemos&#8221; text_align=&#8221;left&#8221; video=&#8221;&#8221;][vc_column][vc_custom_heading text=&#8221;Resoult ofrece entrenamiento focalizado en las personas de tu compa\u00f1\u00eda para alcanzar las metas, creando satisfacci\u00f3n profesional y una cultura organizacional diferente.&#8221; google_fonts=&#8221;font_family:Montserrat%3Aregular%2C700|font_style:400%20regular%3A400%3Anormal&#8221;][\/vc_column][\/vc_row][vc_row row_type=&#8221;section&#8221; type=&#8221;full_width&#8221; text_align=&#8221;left&#8221; video=&#8221;&#8221; css=&#8221;.vc_custom_1555855612505{margin-top: 15px !important;}&#8221;][vc_column][vc_custom_heading text=&#8221;TE ENTRENAMOS PARA:&#8221; font_container=&#8221;tag:h2|text_align:center|color:%2309b453&#8243; google_fonts=&#8221;font_family:Montserrat%3Aregular%2C700|font_style:400%20regular%3A400%3Anormal&#8221;][\/vc_column][\/vc_row][vc_row row_type=&#8221;section&#8221; type=&#8221;grid&#8221; text_align=&#8221;left&#8221; video=&#8221;&#8221;&#8230;<\/p>\n","protected":false},"author":1,"featured_media":0,"parent":0,"menu_order":0,"comment_status":"open","ping_status":"closed","template":"full_width.php","meta":{"footnotes":""},"class_list":["post-7562","page","type-page","status-publish","hentry"],"_links":{"self":[{"href":"https:\/\/resoult.com\/index.php?rest_route=\/wp\/v2\/pages\/7562","targetHints":{"allow":["GET"]}}],"collection":[{"href":"https:\/\/resoult.com\/index.php?rest_route=\/wp\/v2\/pages"}],"about":[{"href":"https:\/\/resoult.com\/index.php?rest_route=\/wp\/v2\/types\/page"}],"author":[{"embeddable":true,"href":"https:\/\/resoult.com\/index.php?rest_route=\/wp\/v2\/users\/1"}],"replies":[{"embeddable":true,"href":"https:\/\/resoult.com\/index.php?rest_route=%2Fwp%2Fv2%2Fcomments&post=7562"}],"version-history":[{"count":7,"href":"https:\/\/resoult.com\/index.php?rest_route=\/wp\/v2\/pages\/7562\/revisions"}],"predecessor-version":[{"id":7575,"href":"https:\/\/resoult.com\/index.php?rest_route=\/wp\/v2\/pages\/7562\/revisions\/7575"}],"wp:attachment":[{"href":"https:\/\/resoult.com\/index.php?rest_route=%2Fwp%2Fv2%2Fmedia&parent=7562"}],"curies":[{"name":"wp","href":"https:\/\/api.w.org\/{rel}","templated":true}]}}